-20
Let j(a) = -98*a + 182. What is j(2)?
-14
Let b(j) = -3*j - 2. What is b(12)?
-38
Let c(d) = 4*d - 22. Give c(5).
-2
Let c(x) = -3*x + 2. Determine c(5).
-13
Let y(x) = x**2 - 10*x - 9. Calculate y(11).
2
Let i(h) = 8*h - 73. Calculate i(10).
7
Let c(p) = p**2 - 2*p + 5. Give c(6).
29
Let o(b) = -63*b - 55. What is o(-1)?
8
Let h(g) = -g**2 + 17*g - 3. What is h(15)?
27
Let c(g) = -g**3 - 7*g**2 + 6*g - 7. Calculate c(-8).
9
Let j(f) = -f**3 - 17*f**2 - 31*f - 15. Determine j(-15).
0
Let m(n) = 22*n + 2. Calculate m(1).
24
Let z(d) = -d - 4. Give z(-3).
-1
Let c(r) = 9*r + 31. Give c(-5).
-14
Let r(u) = -2*u**2 - 7*u - 6. Calculate r(-4).
-10
Let y(m) = -m - 4. Give y(-5).
1
Let z(n) = n**2 + 1. Determine z(3).
10
Let c(z) = 22*z - 15. Give c(3).
51
Let f(n) = n**3 + 12*n**2 + 12*n - 8. What is f(-11)?
-19
Let f(u) = -u**3 + 4*u**2 + 5*u + 8. Determine f(5).
8
Let k(b) = b**3 + 9*b**2 + 6*b - 8. Give k(-8).
8
Let n(j) = 3*j**3 + 155*j**2 + 103*j + 52. Give n(-51).
1
Let n(d) = -d**3 + 9*d**2 + 11*d - 8. What is n(10)?
2
Let o(k) = k**3 - 5*k**2 - 14*k + 5. What is o(6)?
-43
Let y(g) = -g**3 - 28*g**2 + g + 18. Give y(-28).
-10
Let a(z) = -z**3 + 10*z**2 - 2*z + 21. Calculate a(10).
1
Let y(t) = -t**3 + t + 2. What is y(2)?
-4
Let i(v) = 14*v + 77. Calculate i(-5).
7
Let d(k) = k**3 + 12*k**2 - 16*k + 15. What is d(-13)?
54
Let g(t) = 9*t + 47. Calculate g(-4).
11
Let k(q) = -18*q + 371. Calculate k(21).
-7
Let o(c) = -12*c**3 + 3*c**2 + c - 2. Give o(2).
-84
Let f(o) = -o**3 + 17*o**2 - 4*o + 69. Calculate f(17).
1
Let g(m) = -m**3 - 7*m**2 - 7*m + 1. Determine g(-5).
-14
Let a(k) = k**3 - 22*k**2 - 27*k + 94. What is a(23)?
2
Let v(g) = g**3 - 5*g**2 - 2*g - 5. Give v(5).
-15
Let m(j) = -5*j + 52. Calculate m(10).
2
Let j(y) = y**3 + 7*y**2 - 29*y + 16. Determine j(-10).
6
Let q(d) = -2*d**3 - 30*d**2 - d - 9. Give q(-15).
6
Let r(w) = -w**2 - 28*w - 106. Calculate r(-23).
9
Let x(i) = i**3 + 10*i**2 + 11*i + 7. What is x(-9)?
-11
Let c(s) = -s**2 - 36. Give c(0).
-36
Let h(c) = -18*c - 2. Calculate h(2).
-38
Let i(z) = z**3 + 7*z**2 + 16*z + 29. What is i(-7)?
-83
Let i(n) = n**3 - 14*n**2 + 47*n. What is i(6)?
-6
Let c(n) = n**3 + 14*n**2 - 14*n - 18. What is c(-15)?
-33
Let f(l) = -l**3 + 2*l**2 + 3*l + 1. Give f(3).
1
Let j(p) = -36*p**3 - 2*p**2 - 2*p - 1. Calculate j(-1).
35
Let i(j) = -j**3 - 9*j**2 + 13*j + 12. What is i(-10)?
-18
Let h(n) = n**3 - 15*n**2 - 17*n + 7. What is h(16)?
-9
Let a(y) = y**3 + y**2 - 3*y + 2. What is a(2)?
8
Let z(s) = -4*s - 11. Determine z(-9).
25
Let p(m) = m**2 - m - 38. What is p(6)?
-8
Let a(p) = -p**2 + p + 20. Give a(10).
-70
Let m(r) = 5*r**2 - 3*r + 6. Calculate m(-3).
60
Let x(o) = -3*o. Determine x(1).
-3
Let m(q) = 3*q**2 - 13*q - 7. Determine m(5).
3
Let c(f) = -f + 35. Give c(29).
6
Let u(k) = k**3 - 21*k**2 - 46*k + 16. Calculate u(23).
16
Let o(n) = 16*n + 56. Determine o(-8).
-72
Let d(g) = 20*g - 154. Give d(10).
46
Let h(s) = s**3 - 7*s**2 + 7*s + 8. Give h(6).
14
Let s(y) = 12*y**2 - 2*y - 1. What is s(2)?
43
Let r(x) = -x**2 + 11*x - 24. What is r(6)?
6
Let p(i) = -2*i - 50. Determine p(-30).
10
Let m(i) = 5*i**2 - 3*i - 3. Give m(4).
65
Let o(m) = m**3 - 7*m**2 + 5*m - 4. Give o(6).
-10
Let o(b) = -31*b + 192. Determine o(5).
37
Let v(r) = -r**3 - 9*r**2 - 7*r + 4. Give v(-8).
-4
Let c(z) = -4*z - 12. Calculate c(-9).
24
Let z(i) = -4*i - 43. What is z(-13)?
9
Let b(s) = s**3 - 13*s**2 + 21*s + 1. Calculate b(11).
-10
Let v(s) = 2*s**3 + 4*s**2 - 3. Give v(1).
3
Let b(f) = -f**2 - f - 35. Calculate b(0).
-35
Let d(w) = -w + 14. What is d(9)?
5
Let d(i) = -i**2 - 23*i + 83. Calculate d(-26).
5
Let j(d) = 5*d - 34. Give j(19).
61
Let p(u) = -u**3 + 15*u**2 - 28*u + 27. Give p(13).
1
Let k(f) = f**3 + 4*f**2 - 3*f + 7. Calculate k(-6).
-47
Let i(o) = o**3 + 26*o**2 - 58*o + 5. Give i(2).
1
Let f(a) = a**2 - 12*a. Give f(12).
0
Let d(z) = -z**2 + 21*z - 67. Determine d(18).
-13
Let w(c) = -c**2 - 4*c + 8. Calculate w(-6).
-4
Let z(j) = -14*j - 21. What is z(-8)?
91
Let b(a) = a**2 + 8*a + 8. Determine b(-6).
-4
Let r(y) = 13*y**2 - 2*y. Give r(-2).
56
Let p(l) = -13*l**2 - 51*l + 2. Give p(-4).
-2
Let y(l) = l + 8. Determine y(9).
17
Let p(f) = f**3 + 2*f**2 - 105*f - 6. What is p(-11)?
60
Let m(b) = -b**2 - 6*b + 3. Calculate m(-6).
3
Let b(q) = 3*q + 25. Give b(-5).
10
Let c(r) = -r**3 + 26*r**2 - 18*r - 718. Determine c(24).
2
Let s(q) = 4*q - 12. What is s(3)?
0
Let n(h) = 2*h**2 - 4*h - 7. Calculate n(3).
-1
Let p(r) = 11*r**2 - 295*r - 55. Calculate p(27).
-1
Let d(k) = -k**2 + 14*k - 10. Determine d(0).
-10
Let f(n) = -n**2 - 11*n - 1. Determine f(-9).
17
Let y(z) = z**3 - 8*z**2 + 29*z - 160. Give y(7).
-6
Let c(x) = 5*x + 11. What is c(-7)?
-24
Let f(v) = v**3 + v**2 + 4*v - 3. Give f(0).
-3
Let l(o) = o**3 - 8*o**2 + 2*o. Determine l(8).
16
Let l(q) = q**2 - 3*q. What is l(0)?
0
Let s(n) = n**2 - 28*n - 23. What is s(29)?
6
Let q(i) = 5*i + 1. Calculate q(1).
6
Let o(m) = 3*m - 26. Determine o(3).
-17
Let o(v) = 6*v - 122. What is o(23)?
16
Let a(m) = -m - 8. Determine a(3).
-11
Let d(f) = -f**2 + 36*f + 126. Determine d(39).
9
Let k(a) = -a**3 - 7*a**2 + a + 3. Calculate k(-4).
-49
Let i(v) = -3*v - 21. Calculate i(-11).
12
Let l(u) = -u**2 + 5*u + 5. What is l(5)?
5
Let g(n) = -n**2 - n + 98. Determine g(-10).
8
Let q(z) = z**2 - 7. Calculate q(5).
18
Let q(u) = u + 5. What is q(-3)?
2
Let b(y) = y**2 + 15*y + 11. Give b(-14).
-3
Let c(d) = d**3 + d**2 - 3*d + 2. Calculate c(-3).
-7
Let m(s) = -2*s + 10. Determine m(5).
0
Let x(l) = l + 11. Calculate x(-7).
4
Let p(g) = -g**2 - 8*g - 22. Calculate p(-6).
-10
Let c(d) = 10*d - 1. What is c(-3)?
-31
Let m(p) = -3*p - 40. Calculate m(-16).
8
Let s(q) = q**3 - 6*q**2 + 3*q + 8. What is s(6)?
26
Let j(t) = 16*t**3 - t**2 + t. Give j(1).
16
Let k(r) = r**3 + 13*r**2 - r - 5. Give k(-13).
8
Let l(p) = p**3 + 16*p**2 - 19*p - 30. Calculate l(-17).
4
Let q(i) = 20*i**3 + 2*i**2 + 3*i + 2. What is q(-1)?
-19
Let f(y) = -6*y + 1. Determine f(-1).
7
Let x(f) = -7*f**2 + 10*f - 3. Calculate x(3).
-36
Let b(y) = y**3 - 8*y**2 - y + 5. What is b(4)?
-63
Let c(q) = q**2 - 28*q + 162. What is c(20)?
2
Let u(t) = -t**3 - t**2 + 3*t + 9. Calculate u(0).
9
Let x(b) = -3*b**2 + 68*b - 98. What is x(21)?
7
Let i(x) = -x**3 + 5*x**2 + 3*x + 3. Determine i(5).
18
Let c(p) = 2*p + 1. What is c(1)?
3
Let o(d) = -3*d - 6. What is o(4)?
-18
Let o(m) = m**3 + 13*m**2 + 30*m - 3. Determine o(-9).
51
Let l(c) = 2*c**2 + 11*c + 5. What is l(-5)?
0
Let d(w) = 2*w + 28. Determine d(-7).
14
Let y(n) = n**2 + 12*n - 13. Determine y(-12).
-13
Let j(c) = -5*c + 5. Determine j(7).
-30
Let b(n) = 23*n**2 + 8*n + 2. What is b(-2)?
78
Let t(g) = -g**2 - 24*g + 18. What is t(-24)?
18
Let n(h) = -4*h - 131. What is n(-30)?
-11
Let w(q) = q**2 + 5*q + 1. Calculate w(-2).
-5
Let o(b) = -b**2 - 13*b + 19. Determine o(-10).
49
Let g(l) = l + 11. What is g(-12)?
-1
Let l(n) = -n**2 - 23*n + 21. What is l(-23)?
21
Let m(o) = o**3 - 8*o**2 - 3*o - 4. What is m(8)?
-28
Let q(w) = -w + 2. Calculate q(6).
-4
Let m(o) = 6*o + 80. Give m(-9).
26
Let v(y) = y**2 - 11*y + 16. Determine v(8).
-8
Let h(s) = -s**2 - 6*s + 5. Calculate h(-6).
5
Let u(t) = t**3 + 10*t**2 + t + 24. Give u(-10).
14
Let f(v) = -v - 3. Determine f(0).
-3
Let b(o) = 16*o - 7. Give b(1).
9
Let z(w) = 4*w - 38. Calculate z(11).
6
Let k(m) = -12*m + 69. Give k(6).
-3
Let q(t) = -12*t + 56. Give q(0).
56
Let i(o) = -2*o**3 + 35*o**2 + 100*o. What is i(20)?
0
Let g(w) = -w**3 - 6*w**2 + 6*w - 2. Give g(-7).
5
Let d(o) = 13*o - 7. Give d(3).
32
Let j(n) = -5*n - 91. Calculate j(-19).
4
Let z(o) = 2*o + 31. Give z(6).
43
Let u(d) = -d + 2. Calculate u(-4).
6
Let u(f) = -f**2 + 5*f - 13. What is u(4)?
-9
Let d(a) = a**3 - a**2 - 6*a - 7. Calculate d(5).
63
Let v(f) = -f + 27. Determine v(8).
19
Let l(s) = 2*s**2 - 79*s - 754. Determine l(-8).
6
Let n(r) = r**3 - 5*r**2 + 7*r - 12. Calculate n(3).
-9
Let t(h) = 7*h**2 - h - 6. Give t(-2).
24
Let u(y) = y**3 - 17*y**2 - 18*y + 14. Calculate u(18).
14
Let f(o) = -2*o - 14. Determine f(-5).
-4
Let j(c) = 35*c**2 - 4*c - 3. Calculate j(-1).
36
Let a(i) = i**2 + 2*i + 12. Give a(0).
12
Let o(u) = u**3 - 3*u**2 - 2*u + 5. Determine o(2).
-3
Let f(o) = 4*o - 4. Determ